2?
11
Calculate the remainder when 2475 is divided by 61.
35
Calculate the remainder when 254 is divided by 89.
76
What is the remainder when 304 is divided by 61?
60
Calculate the remainder when 1919 is divided by 148.
143
What is the remainder when 172 is divided by 6?
4
What is the remainder when 688 is divided by 23?
21
What is the remainder when 116 is divided by 12?
8
What is the remainder when 477 is divided by 23?
17
What is the remainder when 249 is divided by 82?
3
What is the remainder when 495 is divided by 75?
45
Calculate the remainder when 2504 is divided by 96.
8
Calculate the remainder when 529 is divided by 60.
49
What is the remainder when 86 is divided by 26?
8
What is the remainder when 514 is divided by 191?
132
What is the remainder when 498 is divided by 21?
15
What is the remainder when 371 is divided by 93?
92
What is the remainder when 1221 is divided by 25?
21
What is the remainder when 580 is divided by 83?
82
What is the remainder when 13689 is divided by 163?
160
Calculate the remainder when 1594 is divided by 28.
26
What is the remainder when 400 is divided by 6?
4
Calculate the remainder when 321 is divided by 11.
2
What is the remainder when 221 is divided by 60?
41
Calculate the remainder when 173 is divided by 11.
8
Calculate the remainder when 302 is divided by 76.
74
What is the remainder when 178 is divided by 60?
58
Calculate the remainder when 648 is divided by 93.
90
What is the remainder when 16334 is divided by 17?
14
What is the remainder when 780 is divided by 26?
0
Calculate the remainder when 138 is divided by 20.
18
Calculate the remainder when 2035 is divided by 30.
25
What is the remainder when 145 is divided by 31?
21
What is the remainder when 424 is divided by 85?
84
What is the remainder when 1540 is divided by 252?
28
Calculate the remainder when 186 is divided by 100.
86
What is the remainder when 27 is divided by 4?
3
What is the remainder when 578 is divided by 290?
288
Calculate the remainder when 1154 is divided by 15.
14
Calculate the remainder when 222 is divided by 23.
15
What is the remainder when 168 is divided by 3?
0
Calculate the remainder when 1294 is divided by 641.
12
What is the remainder when 439 is divided by 43?
9
Calculate the remainder when 21 is divided by 12.
9
What is the remainder when 229 is divided by 84?
61
Calculate the remainder when 2055 is divided by 17.
15
What is the remainder when 1670 is divided by 18?
14
What is the remainder when 314 is divided by 40?
34
What is the remainder when 33 is divided by 9?
6
Calculate the remainder when 273 is divided by 8.
1
Calculate the remainder when 153 is divided by 6.
3
What is the remainder when 30 is divided by 4?
2
Calculate the remainder when 108 is divided by 9.
0
What is the remainder when 274 is divided by 100?
74
Calculate the remainder when 3357 is divided by 35.
32
What is the remainder when 24801 is divided by 121?
117
What is the remainder when 2486 is divided by 2480?
6
Calculate the remainder when 25 is divided by 5.
0
Calculate the remainder when 247 is divided by 89.
69
What is the remainder when 341 is divided by 50?
41
What is the remainder when 2477 is divided by 16?
13
Calculate the remainder when 109 is divided by 108.
1
Calculate the remainder when 51354 is divided by 57.
54
What is the remainder when 381 is divided by 15?
6
Calculate the remainder when 911 is divided by 42.
29
What is the remainder when 160 is divided by 43?
31
Calculate the remainder when 178 is divided by 121.
57
What is the remainder when 407 is divided by 136?
135
Calculate the remainder when 235 is divided by 156.
79
What is the remainder when 37 is divided by 2?
1
What is the remainder when 1903 is divided by 15?
13
What is the remainder when 107 is divided by 36?
35
What is the remainder when 100 is divided by 26?
22
Calculate the remainder when 386 is divided by 78.
74
What is the remainder when 270 is divided by 3?
0
Calculate the remainder when 83 is divided by 45.
38
What is the remainder when 11154 is divided by 3716?
6
What is the remainder when 3291 is divided by 34?
27
What is the remainder when 142 is divided by 42?
16
What is the remainder when 209 is divided by 46?
25
What is the remainder when 366 is divided by 18?
6
Calculate the remainder when 1236 is divided by 177.
174
Calculate the remainder when 10412 is divided by 217.
213
Calculate the remainder when 1952 is divided by 8.
0
Calculate the remainder when 699 is divided by 100.
99
What is the remainder when 514 is divided by 257?
0
What is the remainder when 1871 is divided by 466?
7
What is the remainder when 51 is divided by 9?
6
What is the remainder when 272 is divided by 6?
2
What is the remainder when 47 is divided by 6?
5
What is the remainder when 185 is divided by 38?
33
What is the remainder when 16855 is divided by 49?
48
Calculate the remainder when 933 is divided by 14.
9
What is the remainder when 731 is divided by 23?
18
What is the remainder when 62 is divided by 44?
18
Calculate the remainder when 22 is divided by 6.
4
Calculate the remainder when 1087 is divided by 33.
31
What is the remainder when 476 is divided by 32?
28
Calculate the remainder when 145 is divided by 66.
13
What is the remainder when 1459 is divided by 34?
31
What is the remainder when 1001 is divided by 50?
1
Calculate the remainder when 189 is divided by 68.
53
What is the remainder when 236 is divided by 3?
2
What is the remainder when 510 is divided by 31?
14
Calculate the remainder when 1221 is divided by 17.
14
Calculate the remainder when 41 is divided by 32.
9
What is the remainder when 311 is divided by 56?
31
Calculate the remainder when 303 is divided by 154.
149
What is the remainder when 4786 is divided by 18?
16
Calculate the remainder when 22 is divided by 6.
4
Calculate the remainder when 1054 is divided by 16.
14
Calculate the remainder when 158 is divided by 89.
69
What is the remainder when 228 is divided by 87?
54
Calculate the remainder when 303 is divided by 75.
3
Calculate the remainder when 65 is divided by 25.
15
Calculate the remainder when 1637 is divided by 411.
404
What is the remainder when 228 is divided by 79?
70
What is the remainder when 2628 is divided by 11?
10
Calculate the remainder when 193 is divided by 39.
37
Calculate the remainder when 299 is divided by 23.
0
Calculate the remainder when 123 is divided by 33.
24
What is the remainder when 322 is divided by 45?
7
Calculate the remainder when 27285 is divided by 72.
69
Calculate the remainder when 402 is divided by 131.
9
What is the remainder when 176 is divided by 31?
21
Calculate the remainder when 556 is divided by 24.
4
What is the remainder when 24 is divided by 12?
0
Calculate the remainder when 355 is divided by 20.
15
What is the remainder when 28 is divided by 28?
0
What is the remainder when 2038 is divided by 24?
22
Calculate the remainder when 2039 is divided by 34.
33
What is the remainder when 3813 is divided by 89?
75
Calculate the remainder when 205 is divided by 43.
33
What is the remainder when 131 is divided by 37?
20
Calculate the remainder when 174 is divided by 29.
0
Calculate the remainder when 75 is divided by 42.
33
Calculate the remainder when 2660 is divided by 29.
21
Calculate the remainder when 5079 is divided by 6.
3
What is the remainder when 709 is divided by 102?
97
What is the remainder when 192 is divided by 39?
36
Calculate the remainder when 1550 is divided by 47.
46
What is the remainder when 297 is divided by 25?
22
Calculate the remainder when 684 is divided by 105.
54
What is the remainder when 10 is divided by 10?
0
What is the remainder when 38 is divided by 7?
3
Calculate the remainder when 829 is divided by 218.
175
Calculate the remainder when 916 is divided by 448.
20
What is the remainder when 160 is divided by 14?
6
What is the remainder when 1008 is divided by 28?
0
Calculate the remainder when 1063 is divided by 80.
23
Calculate the remainder when 943 is divided by 86.
83
What is the remainder when 52 is divided by 15?
7
What is the remainder when 489 is divided by 29?
25
Calculate the remainder when 53194 is divided by 44.
42
What is the remainder when 300 is divided by 289?
11
What is the remainder when 139 is divided 